{"id":210,"date":"2023-04-06T09:12:47","date_gmt":"2023-04-06T09:12:47","guid":{"rendered":"https:\/\/neu.frankenberg-innenarchitektur.de\/?page_id=3"},"modified":"2023-04-06T09:12:47","modified_gmt":"2023-04-06T09:12:47","slug":"privacy-policy","status":"publish","type":"page","link":"https:\/\/frankenberg-innenarchitektur.de\/?page_id=210","title":{"rendered":"Datenschutzerkl\u00e4rung"},"content":{"rendered":"\n<p>Als Betreiberin der Website frankenberg-innenarchitektur.de lege ich gro\u00dfen Wert auf den Schutz der pers\u00f6nlichen Daten meiner Besucherinnen und Besucher. Zuerst stelle ich dies dadurch sicher, dass das ich meinen Provider dogado GmbH mit der Bereitstellung einer SSL-Verschl\u00fcsselung nach Stand der Technik beauftragt habe. Dadurch ist sichergestellt, dass keine unbefugte Protokollierung Ihres Abrufs meiner Website frankenberg-innenarchitektur.de erfolgen kann. Au\u00dferdem beachte ich selbstverst\u00e4ndlich alle geltenden Gesetze und Vorschriften zum Datenschutz, insbesondere das Telemediengesetz (TMG), das Bundesdatenschutzgesetz (BDSG) an die Datenschutzgrundverordnung (DSGVO). Die Datenerhebung der Website frankenberg-innenarchitektur.de beschr\u00e4nkt sich auf ein technisch und organisatorisches Minimum, das im Folgenden detailliert wird:<\/p>\n\n\n\n<h3 class=\"wp-block-heading\">Daten der Website-Nutzung<\/h3>\n\n\n\n<p>Immer wenn Sie meine Website frankenberg-innenarchitektur.de besuchen, erfolgt eine automatische Protokollierung aller Klicks, die Sie vornehmen, die bei meinem Provider dogado GmbH gespeichert wird. Ich selbst werte die Daten nicht aus. Diese Protokollierung erfolgt nicht personenbezogen sondern lediglich statistisch (Anzahl der Aufrufe, L\u00e4nderherkunft, \u2026). Die Datenschutzerkl\u00e4rung meines Providers CANDAN\u00ae \/ dogado GmbH k\u00f6nnen Sie <a href=\"https:\/\/www.dogado.de\/datenschutz\/?utm_source=CleverReach&amp;utm_medium=email&amp;utm_campaign=25-05-18+DSGVO&amp;utm_content=Mailing_10881405\">hier<\/a> einsehen.<\/p>\n\n\n\n<h3 class=\"wp-block-heading\">Personenbezogene Daten<\/h3>\n\n\n\n<p>Auf meiner Website frankenberg-innenarchitektur.de erhebe ich selbst keine personenbezogenen Daten. Aus diesem Grund kommt auch kein Kontaktformular zum Einsatz. Wenn Sie \u00fcber den E-Mail-Link auf der Kontakt-\/Impressumseite mit mir Kontakt aufnehmen, dann gilt:<br>Ich speichere Ihre Kontaktdaten nach Vorgabe Art. 6 Abs. 1 Buchst. b) DSGVO nur zur Erledigung Ihres Anliegens und den sich daraus ergebenden Gesch\u00e4ftskorrespondenzen.<\/p>\n\n\n\n<h3 class=\"wp-block-heading\">Cookies<\/h3>\n\n\n\n<p>Im Rahmen des unmittelbaren Betriebs meiner Website frankenberg-innenarchitektur.de werden Cookies gem\u00e4\u00df <a href=\"https:\/\/neu.frankenberg-innenarchitektur.de\/?page_id=210\" data-type=\"page\" data-id=\"210\">Cookie-Richtlinie<\/a> eingesetzt. Sollten im Rahmen der gesetzlichen Vorschriften und der statistischen Auswertungen (siehe oben) durch meinen Provider CANDAN\u00ae \/ dogado GmbH Cookies eingesetzt werden, ist dies durch dessen Datenschutzerkl\u00e4rung gedeckt.<\/p>\n\n\n\n<h3 class=\"wp-block-heading\">Social-Plugins<\/h3>\n\n\n\n<p>z.B. von Facebook, Twitter, Instagram, YouTube, \u2026 verwende ich nicht.<\/p>\n\n\n\n<h3 class=\"wp-block-heading\">Ihre Rechte<\/h3>\n\n\n\n<p>Auskunft: Sie k\u00f6nnen jeder Zeit unter der E-Mail-Adresse post@frankenberg-innenarchitektur.de anfragen, welche Ihrer Daten ich pers\u00f6nlich verarbeite (ausgeschlossen sind die Daten gem\u00e4\u00df Datenschutzerkl\u00e4rung meines Providers CANDAN\u00ae \/ dogado GmbH).<\/p>\n\n\n\n<p>L\u00f6schen\/Widerrufen\/Widersprechen: Sie k\u00f6nnen Ihre nur zur Erledigung Ihres Anliegens und den sich daraus ergebenden Gesch\u00e4ftskorrespondenzen \u00fcbermittelten Kontaktdaten (nach Vorgabe Art. 6 Abs. 1 Buchst. b) DSGVO) \u00fcber die E-Mail-Adresse <a href=\"mailto:post@frankenberg-innenarchitektur.de\">post@frankenberg-innenarchitektur.de<\/a> l\u00f6schen lassen.<\/p>\n\n\n\n<p>Datenschutzbeauftragter: In meiner Unternehmung sind weniger als zehn Personen st\u00e4ndig mit der automatisierten Verarbeitung personenbezogener Daten besch\u00e4ftigt. Daher entf\u00e4llt die Bestellungsanforderung eines Datenschutzbeauftragten<br>Sollten Sie Gr\u00fcnde f\u00fcr eine Beschwerde haben, k\u00f6nnen Sie sich an die zust\u00e4ndige Datenschutzbeh\u00f6rde wenden. Dies ist f\u00fcr Baden-W\u00fcrttemberg:<br>Der Landesbeauftragte f\u00fcr den Datenschutz und die Informationsfreiheit<br>Hausanschrift:<br>K\u00f6nigstrasse 10 a<br>70173 Stuttgart<br>Postanschrift:<br>Postfach 10 29 32<br>70025 Stuttgart<br>Tel.: 0711\/615541-0<br>Fax: 0711\/615541-15<br>E-Mail:<br><a href=\"mailto:poststelle@lfdi.bwl.de\">poststelle@lfdi.bwl.de<\/a><br>Internet:<br><a href=\"http:\/\/www.baden-wuerttemberg.datenschutz.de\">www.baden-wuerttemberg.datenschutz.de<\/a><\/p>\n","protected":false},"excerpt":{"rendered":"<p>Als Betreiberin der Website frankenberg-innenarchitektur.de lege ich gro\u00dfen Wert auf den Schutz der pers\u00f6nlichen Daten meiner Besucherinnen und Besucher. Zuerst stelle ich dies dadurch sicher, dass das ich meinen Provider dogado GmbH mit der Bereitstellung einer SSL-Verschl\u00fcsselung nach Stand der Technik beauftragt habe. Dadurch ist sichergestellt, dass keine unbefugte Protokollierung Ihres Abrufs meiner Website frankenberg-innenarchitektur.de &hellip; <\/p>\n<p class=\"link-more\"><a href=\"https:\/\/frankenberg-innenarchitektur.de\/?page_id=210\" class=\"more-link\">Mehr <span class=\"screen-reader-text\">\u00fcber &#8222;Datenschutzerkl\u00e4rung&#8220; <\/span>Lesen<\/a><\/p>\n","protected":false},"author":1,"featured_media":0,"parent":0,"menu_order":0,"comment_status":"closed","ping_status":"open","template":"","meta":{"inspiro_hide_title":false,"footnotes":""},"class_list":["post-210","page","type-page","status-publish","hentry"],"_links":{"self":[{"href":"https:\/\/frankenberg-innenarchitektur.de\/index.php?rest_route=\/wp\/v2\/pages\/210","targetHints":{"allow":["GET"]}}],"collection":[{"href":"https:\/\/frankenberg-innenarchitektur.de\/index.php?rest_route=\/wp\/v2\/pages"}],"about":[{"href":"https:\/\/frankenberg-innenarchitektur.de\/index.php?rest_route=\/wp\/v2\/types\/page"}],"author":[{"embeddable":true,"href":"https:\/\/frankenberg-innenarchitektur.de\/index.php?rest_route=\/wp\/v2\/users\/1"}],"replies":[{"embeddable":true,"href":"https:\/\/frankenberg-innenarchitektur.de\/index.php?rest_route=%2Fwp%2Fv2%2Fcomments&post=210"}],"version-history":[{"count":0,"href":"https:\/\/frankenberg-innenarchitektur.de\/index.php?rest_route=\/wp\/v2\/pages\/210\/revisions"}],"wp:attachment":[{"href":"https:\/\/frankenberg-innenarchitektur.de\/index.php?rest_route=%2Fwp%2Fv2%2Fmedia&parent=210"}],"curies":[{"name":"wp","href":"https:\/\/api.w.org\/{rel}","templated":true}]}}

Datenschutzerklärung

<p>Als Betreiberin der Website frankenberg-innenarchitektur.de lege ich großen Wert auf den Schutz der persönlichen Daten meiner Besucherinnen und Besucher. Zuerst stelle ich dies dadurch sicher, dass das ich meinen Provider dogado GmbH mit der Bereitstellung einer SSL-Verschlüsselung nach Stand der Technik beauftragt habe. Dadurch ist sichergestellt, dass keine unbefugte Protokollierung Ihres Abrufs meiner Website frankenberg-innenarchitektur.de erfolgen kann. Außerdem beachte ich selbstverständlich alle geltenden Gesetze und Vorschriften zum Datenschutz, insbesondere das Telemediengesetz (TMG), das Bundesdatenschutzgesetz (BDSG) an die Datenschutzgrundverordnung (DSGVO). Die Datenerhebung der Website frankenberg-innenarchitektur.de beschränkt sich auf ein technisch und organisatorisches Minimum, das im Folgenden detailliert wird:</p>



<h3 class="wp-block-heading">Daten der Website-Nutzung</h3>



<p>Immer wenn Sie meine Website frankenberg-innenarchitektur.de besuchen, erfolgt eine automatische Protokollierung aller Klicks, die Sie vornehmen, die bei meinem Provider dogado GmbH gespeichert wird. Ich selbst werte die Daten nicht aus. Diese Protokollierung erfolgt nicht personenbezogen sondern lediglich statistisch (Anzahl der Aufrufe, Länderherkunft, …). Die Datenschutzerklärung meines Providers CANDAN® / dogado GmbH können Sie <a href="https://www.dogado.de/datenschutz/?utm_source=CleverReach&amp;utm_medium=email&amp;utm_campaign=25-05-18+DSGVO&amp;utm_content=Mailing_10881405">hier</a> einsehen.</p>



<h3 class="wp-block-heading">Personenbezogene Daten</h3>



<p>Auf meiner Website frankenberg-innenarchitektur.de erhebe ich selbst keine personenbezogenen Daten. Aus diesem Grund kommt auch kein Kontaktformular zum Einsatz. Wenn Sie über den E-Mail-Link auf der Kontakt-/Impressumseite mit mir Kontakt aufnehmen, dann gilt:<br>Ich speichere Ihre Kontaktdaten nach Vorgabe Art. 6 Abs. 1 Buchst. b) DSGVO nur zur Erledigung Ihres Anliegens und den sich daraus ergebenden Geschäftskorrespondenzen.</p>



<h3 class="wp-block-heading">Cookies</h3>



<p>Im Rahmen des unmittelbaren Betriebs meiner Website frankenberg-innenarchitektur.de werden Cookies gemäß <a href="https://neu.frankenberg-innenarchitektur.de/?page_id=210" data-type="page" data-id="210">Cookie-Richtlinie</a> eingesetzt. Sollten im Rahmen der gesetzlichen Vorschriften und der statistischen Auswertungen (siehe oben) durch meinen Provider CANDAN® / dogado GmbH Cookies eingesetzt werden, ist dies durch dessen Datenschutzerklärung gedeckt.</p>



<h3 class="wp-block-heading">Social-Plugins</h3>



<p>z.B. von Facebook, Twitter, Instagram, YouTube, … verwende ich nicht.</p>



<h3 class="wp-block-heading">Ihre Rechte</h3>



<p>Auskunft: Sie können jeder Zeit unter der E-Mail-Adresse post@frankenberg-innenarchitektur.de anfragen, welche Ihrer Daten ich persönlich verarbeite (ausgeschlossen sind die Daten gemäß Datenschutzerklärung meines Providers CANDAN® / dogado GmbH).</p>



<p>Löschen/Widerrufen/Widersprechen: Sie können Ihre nur zur Erledigung Ihres Anliegens und den sich daraus ergebenden Geschäftskorrespondenzen übermittelten Kontaktdaten (nach Vorgabe Art. 6 Abs. 1 Buchst. b) DSGVO) über die E-Mail-Adresse <a href="mailto:post@frankenberg-innenarchitektur.de">post@frankenberg-innenarchitektur.de</a> löschen lassen.</p>



<p>Datenschutzbeauftragter: In meiner Unternehmung sind weniger als zehn Personen ständig mit der automatisierten Verarbeitung personenbezogener Daten beschäftigt. Daher entfällt die Bestellungsanforderung eines Datenschutzbeauftragten<br>Sollten Sie Gründe für eine Beschwerde haben, können Sie sich an die zuständige Datenschutzbehörde wenden. Dies ist für Baden-Württemberg:<br>Der Landesbeauftragte für den Datenschutz und die Informationsfreiheit<br>Hausanschrift:<br>Königstrasse 10 a<br>70173 Stuttgart<br>Postanschrift:<br>Postfach 10 29 32<br>70025 Stuttgart<br>Tel.: 0711/615541-0<br>Fax: 0711/615541-15<br>E-Mail:<br><a href="mailto:poststelle@lfdi.bwl.de">poststelle@lfdi.bwl.de</a><br>Internet:<br><a href="http://www.baden-wuerttemberg.datenschutz.de">www.baden-wuerttemberg.datenschutz.de</a></p>

<p>Als Betreiberin der Website frankenberg-innenarchitektur.de lege ich großen Wert auf den Schutz der persönlichen Daten meiner Besucherinnen und Besucher. Zuerst stelle ich dies dadurch sicher, dass das ich meinen Provider dogado GmbH mit der Bereitstellung einer SSL-Verschlüsselung nach Stand der Technik beauftragt habe. Dadurch ist sichergestellt, dass keine unbefugte Protokollierung Ihres Abrufs meiner Website frankenberg-innenarchitektur.de &hellip; </p>
<p class="link-more"><a href="https://frankenberg-innenarchitektur.de/?page_id=210" class="more-link">Mehr <span class="screen-reader-text">über &#8222;Datenschutzerklärung&#8220; </span>Lesen</a></p>
