{"id":19,"date":"2023-04-13T15:11:35","date_gmt":"2023-04-13T15:11:35","guid":{"rendered":"https:\/\/neu.frankenberg-innenarchitektur.de\/?page_id=19"},"modified":"2026-02-03T15:45:26","modified_gmt":"2026-02-03T15:45:26","slug":"schoene-portfolios-fuer-aussergewoehnliche-kreative","status":"publish","type":"page","link":"https:\/\/frankenberg-innenarchitektur.de\/","title":{"rendered":"Durch gute Innenarchitektur zu mehr Sch\u00f6heit und Freude"},"content":{"rendered":"\n<p class=\"has-text-align-center\"><meta charset=\"utf-8\">&#8222;EINE LIEBEVOLLE ATMOSPH\u00c4RE IN DEINEM HEIM IST DAS FUNDAMENT F\u00dcR DEIN LEBEN.&#8220; (Dalai Lama)<\/p>\n\n\n\n<div style=\"height:55px\" aria-hidden=\"true\" class=\"wp-block-spacer\"><\/div>\n\n\n\n<section id=\"section-dec498fe-998a-4cff-b652-ee3a86d5e8f8\" class=\"wp-block-gutentor-image-slider gutentor-section gutentor-image-slider imageSlider-template1\"><div class=\"gutentor-grid-item-wrap\"><div class=\"gutentor-slider-wrapper\" data-dots=\"true\" data-arrows=\"true\" data-infinite=\"true\" data-nextarrow=\"fas fa-angle-right\" data-prevarrow=\"fas fa-angle-left\" data-autoplay=\"true\" data-autoplayspeed=\"2235\" data-fade=\"true\" data-speed=\"900\"><div class=\"gutentor-slider-item\"><div class=\"gutentor-single-item gutentor-single-item-0\"><div class=\"gutentor-single-item-wrap\"><div class=\"gutentor-single-item-image-box\"><div class=\"gutentor-bg-image\"><\/div><\/div><\/div><\/div><\/div><div class=\"gutentor-slider-item\"><div class=\"gutentor-single-item gutentor-single-item-1\"><div class=\"gutentor-single-item-wrap\"><div class=\"gutentor-single-item-image-box\"><div class=\"gutentor-bg-image\"><\/div><\/div><\/div><\/div><\/div><div class=\"gutentor-slider-item\"><div class=\"gutentor-single-item gutentor-single-item-2\"><div class=\"gutentor-single-item-wrap\"><div class=\"gutentor-single-item-image-box\"><div class=\"gutentor-bg-image\"><\/div><\/div><\/div><\/div><\/div><\/div><\/div><\/section>\n\n\n\n<div class=\"wp-block-group alignfull has-background is-layout-flow wp-block-group-is-layout-flow\" style=\"background-color:#e5e9ec\">\n<div class=\"wp-block-columns is-layout-flex wp-container-core-columns-is-layout-28f84493 wp-block-columns-is-layout-flex\">\n<div class=\"wp-block-column is-layout-flow wp-block-column-is-layout-flow\"><\/div>\n<\/div>\n<\/div>\n\n\n\n<div class=\"wp-block-group alignfull is-layout-flow wp-block-group-is-layout-flow\">\n<div class=\"wp-block-columns are-vertically-aligned-center is-layout-flex wp-container-core-columns-is-layout-8834f672 wp-block-columns-is-layout-flex\" style=\"padding-top:0;padding-right:var(--wp--preset--spacing--small);padding-bottom:0;padding-left:var(--wp--preset--spacing--small)\">\n<div class=\"wp-block-column is-vertically-aligned-center is-layout-flow wp-block-column-is-layout-flow\">\n<div style=\"height:48px\" aria-hidden=\"true\" class=\"wp-block-spacer\"><\/div>\n\n\n\n<figure class=\"wp-block-image size-large is-resized\"><img loading=\"lazy\" decoding=\"async\" width=\"761\" height=\"1024\" src=\"https:\/\/frankenberg-innenarchitektur.de\/wp-content\/uploads\/2023\/05\/Portraet02-761x1024.jpg\" alt=\"Portrait Barbara v. Frankenberg\" class=\"wp-image-60\" style=\"width:341px\" srcset=\"https:\/\/frankenberg-innenarchitektur.de\/wp-content\/uploads\/2023\/05\/Portraet02-761x1024.jpg 761w, https:\/\/frankenberg-innenarchitektur.de\/wp-content\/uploads\/2023\/05\/Portraet02-223x300.jpg 223w, https:\/\/frankenberg-innenarchitektur.de\/wp-content\/uploads\/2023\/05\/Portraet02.jpg 1097w\" sizes=\"auto, (max-width: 761px) 100vw, 761px\" \/><\/figure>\n<\/div>\n\n\n\n<div class=\"wp-block-column is-vertically-aligned-center is-layout-flow wp-block-column-is-layout-flow\">\n<h2 class=\"wp-block-heading\">Grunds\u00e4tze<\/h2>\n\n\n\n<p>Meine besondere Zielsetzung ist es, durch individuelle Innenarchitektur sowohl r\u00e4umliche Sch\u00f6nheit als auch geistige Zufriedenheit zu schaffen. Denn beides sind wichtige Quellen f\u00fcr Ihren pers\u00f6nlichen Erfolg. Je fr\u00fcher sich durchdachte und zielorientierte Raumkonzepte entfalten k\u00f6nnen, desto mehr entstehen daraus bewusst und unbewusst positive Ausstrahlungen. Sowohl f\u00fcr das pers\u00f6nliche Wohlbefinden wie auch f\u00fcr die Kreativit\u00e4t in beruflichen und privaten Belangen.<\/p>\n\n\n\n<p>Meine feinf\u00fchlig abgestimmten Konzepte schaffen dazu die Basis. So werden Sch\u00f6nheit und Freude an guter Innenarchitektur zum Wegbegleiter des Erfolgs.<\/p>\n<\/div>\n<\/div>\n<\/div>\n\n\n\n<div class=\"wp-block-group alignfull has-black-background-color has-background is-layout-flow wp-block-group-is-layout-flow\">\n<h2 class=\"wp-block-heading has-text-align-center has-white-color has-text-color\"><\/h2>\n\n\n\n<div class=\"wp-block-cover alignfull has-parallax is-position-center-center\" style=\"min-height:375px;aspect-ratio:unset;\"><div class=\"wp-block-cover__image-background wp-image-52 has-parallax\" style=\"background-position:50% 50%;background-image:url(https:\/\/frankenberg-innenarchitektur.de\/wp-content\/uploads\/2023\/04\/hintergrund.jpg)\"><\/div><span aria-hidden=\"true\" class=\"wp-block-cover__background has-black-background-color has-background-dim-40 has-background-dim\"><\/span><div class=\"wp-block-cover__inner-container is-layout-flow wp-block-cover-is-layout-flow\">\n<p><\/p>\n<\/div><\/div>\n<\/div>\n","protected":false},"excerpt":{"rendered":"<p>&#8222;EINE LIEBEVOLLE ATMOSPH\u00c4RE IN DEINEM HEIM IST DAS FUNDAMENT F\u00dcR DEIN LEBEN.&#8220; (Dalai Lama) Grunds\u00e4tze Meine besondere Zielsetzung ist es, durch individuelle Innenarchitektur sowohl r\u00e4umliche Sch\u00f6nheit als auch geistige Zufriedenheit zu schaffen. Denn beides sind wichtige Quellen f\u00fcr Ihren pers\u00f6nlichen Erfolg. Je fr\u00fcher sich durchdachte und zielorientierte Raumkonzepte entfalten k\u00f6nnen, desto mehr entstehen daraus bewusst &hellip; <\/p>\n<p class=\"link-more\"><a href=\"https:\/\/frankenberg-innenarchitektur.de\/\" class=\"more-link\">Mehr <span class=\"screen-reader-text\">\u00fcber &#8222;Durch gute Innenarchitektur zu mehr Sch\u00f6heit und Freude&#8220; <\/span>Lesen<\/a><\/p>\n","protected":false},"author":1,"featured_media":0,"parent":0,"menu_order":0,"comment_status":"closed","ping_status":"closed","template":"","meta":{"inspiro_hide_title":false,"footnotes":""},"class_list":["post-19","page","type-page","status-publish","hentry"],"_links":{"self":[{"href":"https:\/\/frankenberg-innenarchitektur.de\/index.php?rest_route=\/wp\/v2\/pages\/19","targetHints":{"allow":["GET"]}}],"collection":[{"href":"https:\/\/frankenberg-innenarchitektur.de\/index.php?rest_route=\/wp\/v2\/pages"}],"about":[{"href":"https:\/\/frankenberg-innenarchitektur.de\/index.php?rest_route=\/wp\/v2\/types\/page"}],"author":[{"embeddable":true,"href":"https:\/\/frankenberg-innenarchitektur.de\/index.php?rest_route=\/wp\/v2\/users\/1"}],"replies":[{"embeddable":true,"href":"https:\/\/frankenberg-innenarchitektur.de\/index.php?rest_route=%2Fwp%2Fv2%2Fcomments&post=19"}],"version-history":[{"count":5,"href":"https:\/\/frankenberg-innenarchitektur.de\/index.php?rest_route=\/wp\/v2\/pages\/19\/revisions"}],"predecessor-version":[{"id":247,"href":"https:\/\/frankenberg-innenarchitektur.de\/index.php?rest_route=\/wp\/v2\/pages\/19\/revisions\/247"}],"wp:attachment":[{"href":"https:\/\/frankenberg-innenarchitektur.de\/index.php?rest_route=%2Fwp%2Fv2%2Fmedia&parent=19"}],"curies":[{"name":"wp","href":"https:\/\/api.w.org\/{rel}","templated":true}]}}

Durch gute Innenarchitektur zu mehr Schöheit und Freude

<p class="has-text-align-center"><meta charset="utf-8">&#8222;EINE LIEBEVOLLE ATMOSPHÄRE IN DEINEM HEIM IST DAS FUNDAMENT FÜR DEIN LEBEN.&#8220; (Dalai Lama)</p>



<div style="height:55px" aria-hidden="true" class="wp-block-spacer"></div>



<section id="section-dec498fe-998a-4cff-b652-ee3a86d5e8f8" class="wp-block-gutentor-image-slider gutentor-section gutentor-image-slider imageSlider-template1"><div class="gutentor-grid-item-wrap"><div class="gutentor-slider-wrapper" data-dots="true" data-arrows="true" data-infinite="true" data-nextarrow="fas fa-angle-right" data-prevarrow="fas fa-angle-left" data-autoplay="true" data-autoplayspeed="2235" data-fade="true" data-speed="900"><div class="gutentor-slider-item"><div class="gutentor-single-item gutentor-single-item-0"><div class="gutentor-single-item-wrap"><div class="gutentor-single-item-image-box"><div class="gutentor-bg-image"></div></div></div></div></div><div class="gutentor-slider-item"><div class="gutentor-single-item gutentor-single-item-1"><div class="gutentor-single-item-wrap"><div class="gutentor-single-item-image-box"><div class="gutentor-bg-image"></div></div></div></div></div><div class="gutentor-slider-item"><div class="gutentor-single-item gutentor-single-item-2"><div class="gutentor-single-item-wrap"><div class="gutentor-single-item-image-box"><div class="gutentor-bg-image"></div></div></div></div></div></div></div></section>



<div class="wp-block-group alignfull has-background is-layout-flow wp-block-group-is-layout-flow" style="background-color:#e5e9ec">
<div class="wp-block-columns is-layout-flex wp-container-core-columns-is-layout-28f84493 wp-block-columns-is-layout-flex">
<div class="wp-block-column is-layout-flow wp-block-column-is-layout-flow"></div>
</div>
</div>



<div class="wp-block-group alignfull is-layout-flow wp-block-group-is-layout-flow">
<div class="wp-block-columns are-vertically-aligned-center is-layout-flex wp-container-core-columns-is-layout-8834f672 wp-block-columns-is-layout-flex" style="padding-top:0;padding-right:var(--wp--preset--spacing--small);padding-bottom:0;padding-left:var(--wp--preset--spacing--small)">
<div class="wp-block-column is-vertically-aligned-center is-layout-flow wp-block-column-is-layout-flow">
<div style="height:48px" aria-hidden="true" class="wp-block-spacer"></div>



<figure class="wp-block-image size-large is-resized"><img loading="lazy" decoding="async" width="761" height="1024" src="https://frankenberg-innenarchitektur.de/wp-content/uploads/2023/05/Portraet02-761x1024.jpg" alt="Portrait Barbara v. Frankenberg" class="wp-image-60" style="width:341px" srcset="https://frankenberg-innenarchitektur.de/wp-content/uploads/2023/05/Portraet02-761x1024.jpg 761w, https://frankenberg-innenarchitektur.de/wp-content/uploads/2023/05/Portraet02-223x300.jpg 223w, https://frankenberg-innenarchitektur.de/wp-content/uploads/2023/05/Portraet02.jpg 1097w" sizes="auto, (max-width: 761px) 100vw, 761px" /></figure>
</div>



<div class="wp-block-column is-vertically-aligned-center is-layout-flow wp-block-column-is-layout-flow">
<h2 class="wp-block-heading">Grundsätze</h2>



<p>Meine besondere Zielsetzung ist es, durch individuelle Innenarchitektur sowohl räumliche Schönheit als auch geistige Zufriedenheit zu schaffen. Denn beides sind wichtige Quellen für Ihren persönlichen Erfolg. Je früher sich durchdachte und zielorientierte Raumkonzepte entfalten können, desto mehr entstehen daraus bewusst und unbewusst positive Ausstrahlungen. Sowohl für das persönliche Wohlbefinden wie auch für die Kreativität in beruflichen und privaten Belangen.</p>



<p>Meine feinfühlig abgestimmten Konzepte schaffen dazu die Basis. So werden Schönheit und Freude an guter Innenarchitektur zum Wegbegleiter des Erfolgs.</p>
</div>
</div>
</div>



<div class="wp-block-group alignfull has-black-background-color has-background is-layout-flow wp-block-group-is-layout-flow">
<h2 class="wp-block-heading has-text-align-center has-white-color has-text-color"></h2>



<div class="wp-block-cover alignfull has-parallax is-position-center-center" style="min-height:375px;aspect-ratio:unset;"><div class="wp-block-cover__image-background wp-image-52 has-parallax" style="background-position:50% 50%;background-image:url(https://frankenberg-innenarchitektur.de/wp-content/uploads/2023/04/hintergrund.jpg)"></div><span aria-hidden="true" class="wp-block-cover__background has-black-background-color has-background-dim-40 has-background-dim"></span><div class="wp-block-cover__inner-container is-layout-flow wp-block-cover-is-layout-flow">
<p></p>
</div></div>
</div>

<p>&#8222;EINE LIEBEVOLLE ATMOSPHÄRE IN DEINEM HEIM IST DAS FUNDAMENT FÜR DEIN LEBEN.&#8220; (Dalai Lama) Grundsätze Meine besondere Zielsetzung ist es, durch individuelle Innenarchitektur sowohl räumliche Schönheit als auch geistige Zufriedenheit zu schaffen. Denn beides sind wichtige Quellen für Ihren persönlichen Erfolg. Je früher sich durchdachte und zielorientierte Raumkonzepte entfalten können, desto mehr entstehen daraus bewusst &hellip; </p>
<p class="link-more"><a href="https://frankenberg-innenarchitektur.de/" class="more-link">Mehr <span class="screen-reader-text">über &#8222;Durch gute Innenarchitektur zu mehr Schöheit und Freude&#8220; </span>Lesen</a></p>
